atest common divisor of 84 and 294?
42
What is the highest common factor of 24 and 9?
3
Calculate the highest common divisor of 30 and 10.
10
What is the highest common divisor of 54 and 99?
9
What is the greatest common divisor of 48 and 1368?
24
Calculate the highest common factor of 1060 and 76.
4
What is the highest common divisor of 133 and 10773?
133
Calculate the highest common divisor of 4392 and 144.
72
Calculate the highest common divisor of 539 and 605.
11
What is the greatest common divisor of 74 and 7918?
74
Calculate the greatest common divisor of 1463 and 1925.
77
Calculate the greatest common factor of 2 and 107.
1
Calculate the highest common factor of 1197 and 2793.
399
Calculate the greatest common divisor of 10 and 5380.
10
Calculate the greatest common divisor of 8043 and 21.
21
Calculate the greatest common factor of 24 and 192.
24
Calculate the greatest common divisor of 1989 and 2295.
153
What is the highest common divisor of 76 and 21242?
38
What is the highest common divisor of 55 and 1111?
11
Calculate the highest common divisor of 64 and 112.
16
What is the greatest common factor of 338 and 78?
26
Calculate the highest common factor of 13190 and 10.
10
Calculate the highest common divisor of 61 and 305.
61
Calculate the greatest common divisor of 38 and 190.
38
What is the highest common factor of 25 and 800?
25
Calculate the highest common divisor of 155 and 124.
31
What is the greatest common divisor of 99 and 44?
11
What is the greatest common factor of 14 and 98?
14
Calculate the highest common divisor of 82 and 12587.
41
What is the greatest common factor of 245 and 15?
5
What is the highest common factor of 25 and 800?
25
What is the greatest common divisor of 30 and 1665?
15
Calculate the highest common factor of 816 and 48.
48
Calculate the highest common factor of 52735 and 265.
265
What is the highest common divisor of 110 and 10?
10
What is the highest common divisor of 979 and 89?
89
Calculate the greatest common factor of 37 and 13283.
37
Calculate the highest common divisor of 475 and 275.
25
Calculate the highest common divisor of 154 and 70.
14
What is the highest common divisor of 377 and 1521?
13
Calculate the greatest common factor of 31 and 1.
1
Calculate the highest common factor of 1865 and 20.
5
Calculate the highest common factor of 19294 and 22.
22
What is the greatest common factor of 46 and 46?
46
What is the highest common divisor of 3546 and 3?
3
What is the greatest common divisor of 10 and 110?
10
Calculate the highest common factor of 526 and 2.
2
What is the greatest common divisor of 52 and 117?
13
What is the greatest common factor of 100 and 160?
20
What is the highest common factor of 972 and 432?
108
What is the greatest common divisor of 335 and 201?
67
Calculate the greatest common factor of 110 and 66.
22
Calculate the highest common factor of 3002 and 158.
158
Calculate the greatest common divisor of 10 and 1440.
10
What is the highest common divisor of 8765 and 5?
5
What is the greatest common factor of 132 and 165?
33
Calculate the highest common divisor of 52 and 4043.
13
What is the highest common factor of 49 and 4?
1
What is the highest common factor of 68 and 100?
4
Calculate the highest common divisor of 194 and 7081.
97
What is the highest common factor of 391 and 170?
17
What is the highest common factor of 75 and 15?
15
What is the highest common divisor of 3185 and 182?
91
What is the highest common divisor of 1921 and 1243?
113
What is the highest common divisor of 736 and 8188?
92
What is the greatest common factor of 160 and 250?
10
Calculate the highest common factor of 3689 and 119.
119
Calculate the greatest common factor of 348 and 30.
6
What is the greatest common divisor of 290 and 10?
10
Calculate the highest common divisor of 140 and 180.
20
What is the greatest common divisor of 9 and 1062?
9
What is the greatest common factor of 4482 and 54?
54
Calculate the greatest common divisor of 20 and 1480.
20
Calculate the greatest common factor of 992 and 93.
31
Calculate the highest common divisor of 125 and 25.
25
What is the greatest common factor of 14 and 3815?
7
What is the highest common divisor of 212 and 4?
4
What is the highest common factor of 180 and 1530?
90
What is the greatest common divisor of 21 and 56?
7
Calculate the greatest common factor of 35 and 350.
35
Calculate the greatest common factor of 112 and 14.
14
What is the greatest common divisor of 50 and 390?
10
What is the greatest common factor of 35 and 4865?
35
Calculate the highest common divisor of 588 and 1218.
42
Calculate the highest common factor of 15333 and 269.
269
Calculate the greatest common divisor of 423 and 3243.
141
Calculate the greatest common factor of 111 and 5217.
111
Calculate the greatest common divisor of 221 and 52.
13
Calculate the highest common factor of 16188 and 18.
6
What is the highest common divisor of 205 and 287?
41
Calculate the highest common factor of 1782 and 36.
18
What is the highest common factor of 4085 and 129?
43
Calculate the greatest common factor of 427 and 61.
61
What is the greatest common divisor of 21895 and 58?
29
What is the highest common divisor of 4379 and 151?
151
Calculate the highest common factor of 230 and 920.
230
Calculate the highest common factor of 10 and 590.
10
What is the greatest common divisor of 26 and 104?
26
Calculate the highest common divisor of 315 and 21.
21
Calculate the highest common divisor of 91 and 45409.
91
Calculate the greatest common factor of 434 and 42.
14
What is the highest common divisor of 40 and 19640?
40
Calculate the greatest common factor of 18 and 387.
9
What is the greatest common factor of 2 and 661?
1
What is the greatest common divisor of 31 and 2573?
31
Calculate the highest common factor of 10800 and 750.
150
What is the greatest common divisor of 44 and 737?
11
What is the highest common factor of 3363 and 354?
177
What is the greatest common divisor of 1500 and 325?
25
Calculate the highest common divisor of 4085 and 645.
215
What is the highest common factor of 42 and 19194?
42
Calculate the highest common divisor of 287 and 14.
7
Calculate the highest common divisor of 135 and 15.
15
Calculate the highest common divisor of 13 and 377.
13
Calculate the greatest common factor of 323 and 34.
17
Calculate the highest common factor of 23047 and 19.
19
What is the greatest common factor of 224 and 384?
32
What is the greatest common divisor of 2436 and 168?
84
What is the greatest common divisor of 21 and 4857?
3
What is the greatest common divisor of 1863 and 69?
69
What is the highest common factor of 6 and 11622?
6
What is the greatest common divisor of 6 and 3966?
6
What is the greatest common divisor of 68 and 12869?
17
What is the greatest common factor of 5 and 510?
5
Calculate the highest common divisor of 256 and 8000.
64
What is the greatest common divisor of 236 and 354?
118
What is the highest common factor of 71 and 639?
71
Calculate the highest common factor of 552 and 2346.
138
What is the greatest common divisor of 6347 and 11?
11
What is the greatest common divisor of 74 and 74?
74
What is the greatest common factor of 403 and 1457?
31
Calculate the greatest common divisor of 23 and 460.
23
What is the highest common factor of 102 and 272?
34
Calculate the greatest common divisor of 1870 and 3179.
187
What is the highest common factor of 9 and 387?
9
What is the greatest common divisor of 384 and 24?
24
Calculate the greatest common factor of 34 and 782.
34
What is the highest common divisor of 1179 and 131?
131
Calculate the highest common divisor of 19 and 5206.
19
What is the highest common divisor of 1908 and 144?
36
Calculate the greatest common divisor of 52 and 4693.
13
Calculate the highest common divisor of 52 and 702.
26
Calculate the greatest common divisor of 1539 and 243.
81
What is the greatest common divisor of 126 and 54?
18
Calculate the highest common divisor of 3008 and 3196.
188
What is the highest common divisor of 7222 and 46?
46
What is the greatest common divisor of 3195 and 45?
45
Calculate the greatest common divisor of 284 and 4402.
142
Calculate the highest common factor of 2 and 2552.
2
What is the highest common factor of 12 and 6